{"id":103,"date":"2025-06-02T20:34:38","date_gmt":"2025-06-02T18:34:38","guid":{"rendered":"https:\/\/www.hostel-center.com\/flatrate\/?page_id=103"},"modified":"2025-11-12T12:34:46","modified_gmt":"2025-11-12T11:34:46","slug":"event-organizers","status":"publish","type":"page","link":"https:\/\/www.hostel-center.com\/flatrate\/?page_id=103","title":{"rendered":"Veranstaltungen"},"content":{"rendered":"\n<h2 class=\"wp-block-heading\">Hinweis:<\/h2>\n\n\n\n<p>\u2728 <strong>Unsere Events \u2013 dein Partyerlebnis!<\/strong> \u2728<\/p>\n\n\n\n<ul class=\"wp-block-list\">\n<li><strong>Mitglieds-Party (exklusiv):<\/strong><\/li>\n\n\n\n<li>Nur f\u00fcr unsere Community-Mitglieder \u2013 geschlossene Gesellschaft, kein Zutritt f\u00fcr externe G\u00e4ste.<\/li>\n\n\n\n<li><strong>Kneipen-Party (\u00f6ffentlich):<\/strong><\/li>\n\n\n\n<li>Offen f\u00fcr alle G\u00e4ste \u2013 Tickets frei erh\u00e4ltlich.<\/li>\n\n\n\n<li><strong>Private Wohnzimmer Party \u2013 Flatrateabende:<\/strong><\/li>\n\n\n\n<li>Ein Preis f\u00fcr 4 Stunden. Anmeldung durch unsere Ticket ist Pflicht! Zugang nur als Community Mitglieder<\/li>\n<\/ul>\n\n\n\n<p>\ud83d\udc49 <strong>Wichtig:<\/strong><\/p>\n\n\n\n<ul class=\"wp-block-list\">\n<li>Die Pl\u00e4tze sind <strong>streng limitiert<\/strong> \u2013 schnell sein lohnt sich!<\/li>\n\n\n\n<li>Unsere Community-Gruppen k\u00f6nnen die Location auch f\u00fcr <strong>private Gruppen-Feiern<\/strong> nutzen. <strong>Keine Mietkosten \u2013 ihr zahlt nur die Getr\u00e4nke (z. B. Mixgetr\u00e4nk 125 ml f\u00fcr nur 2 \u20ac).<\/strong>\n<ul class=\"wp-block-list\">\n<li><\/li>\n<\/ul>\n<\/li>\n<\/ul>\n\n\n<div class=\"event_listings\" data-location=\"\" data-keywords=\"\" data-show_filters=\"true\" data-show_pagination=\"false\" data-per_page=\"10\" data-orderby=\"meta_value\" data-order=\"ASC\" data-datetimes=\"\" data-categories=\"\" data-event_types=\"\" data-ticket_prices=\"\" data-event_online=\"\" >\n<form class=\"wpem-main wpem-form-wrapper wpem-event-filter-wrapper event_filters\" id=\"event_filters\">\n\t\t<div class=\"search_events search-form-container\">\n\t\t\t\t<div class=\"wpem-row\">\n\t\t\t<!-- Search by keywords section start -->\n\t\t\t<div class=\"wpem-col\">\n\t\t\t\t<!-- shows default keywords text field  start-->\n\t\t\t\t<div class=\"wpem-form-group\">\n\t\t\t\t\t<label for=\"search_keywords\" class=\"wpem-form-label\">Schl\u00fcsselw\u00f6rter<\/label>\n\t\t\t\t\t<input type=\"text\" name=\"search_keywords\" id=\"search_keywords\" placeholder=\"Schl\u00fcsselw\u00f6rter\" value=\"\" \/>\n\t\t\t\t<\/div>\n\t\t\t\t<!-- shows default keywords text field end -->\n\t\t\t<\/div>\n\t\t\t<!-- Search by keywords section end-->\n\n\t\t\t<!-- Search by location section start -->\n\t\t\t<div class=\"wpem-col\">\n\t\t\t\t<div class=\"wpem-form-group wpem-location-container\">\n\t\t\t\t\t<label for=\"search_location\" class=\"wpem-form-label\">Ort<\/label>\n\t\t\t\t\t<input type=\"text\" name=\"search_location\" id=\"search_location\" placeholder=\"Ort\" value=\"\" \/>\n\t\t\t\t<\/div>\n\t\t\t<\/div>\n\t\t\t<!-- Search by location section end -->\n\n\t\t\t<!-- Search by date section start -->\n\t\t\t\n\t\t\t\t<div class=\"wpem-col\">\n\t\t\t\t\t<div class=\"wpem-form-group\">\n\t\t\t\t\t\t<label for=\"search_datetimes\" class=\"wpem-form-label\">Beliebiges Datum<\/label>\n\t\t\t\t\t\t<input type=\"text\" name=\"search_datetimes[]\" id=\"search_datetimes\" value='' class=\"event-manager-category-dropdown date_range_picker\">\n\t\t\t\t\t<\/div>\n\t\t\t\t<\/div>\n\t\t\t\t\t\t<!-- Search by date section end -->\n\n\t\t<\/div> <!-- \/row -->\n\t\t<div class=\"wpem-row\">\n\t\t\t<!-- Search by event categories section start -->\n\t\t\t\t\t\t\t<div class=\"wpem-col\">\n\t\t\t\t\t<div class=\"wpem-form-group\">\n\t\t\t\t\t\t<label for=\"search_categories\" class=\"wpem-form-label\">Kategorie<\/label>\n\t\t\t\t\t\t<select name='search_categories[]' id='search_categories' class='event-manager-category-dropdown '  data-placeholder='Choose a Category' data-no_results_text='Keine Ergebnisse gefunden' data-multiple_text='Choose Categories'>\n<option value=\"\">Choose an Event Category<\/option>\t<option class=\"level-0\" value=\"oeffentliches-event\">\u00d6ffentliches Event<\/option>\n\t<option class=\"level-0\" value=\"other\">Other<\/option>\n\t<option class=\"level-0\" value=\"private-event\">Privates Event<\/option>\n<\/select>\n\t\t\t\t\t<\/div>\n\t\t\t\t<\/div>\n\t\t\t\t\t\t<!-- Search by event categories section end -->\n\n\t\t\t<!-- Search by event type section start -->\n\t\t\t\t\t\t\t<div class=\"wpem-col\">\n\t\t\t\t\t<div class=\"wpem-form-group\">\n\t\t\t\t\t\t<label for=\"search_event_types\" class=\"wpem-form-label\">Veranstaltungsart<\/label>\n\t\t\t\t\t\t<select name='search_event_types[]' id='search_event_types' class='event-manager-category-dropdown '  data-placeholder='Choose an event type' data-no_results_text='Keine Ergebnisse gefunden' data-multiple_text='Choose event types'>\n<option value=\"\">Choose an Event Type<\/option>\t<option class=\"level-0\" value=\"kneipenparty\">Kneipen Party<\/option>\n\t<option class=\"level-0\" value=\"mitgliedsparty\">Mitgliedsparty<\/option>\n\t<option class=\"level-1\" value=\"wohnzimmerparty\">&nbsp;&nbsp;&nbsp;Private Wohnzimmer Party<\/option>\n\t<option class=\"level-0\" value=\"gruppenprivateparty\">WhatsApp-Gruppenparty<\/option>\n<\/select>\n\t\t\t\t\t<\/div>\n\t\t\t\t<\/div>\n\t\t\t\t\t\t\t\t<div class=\"wpem-col\">\n\t\t\t\t\t\t<div class=\"wpem-form-group\">\n\t\t\t\t\t\t\t<label for=\"search_ticket_prices\" class=\"wpem-form-label\">Ticketpreise<\/label>\n\t\t\t\t\t\t\t<select name=\"search_ticket_prices[]\" id=\"search_ticket_prices\" class=\"event-manager-category-dropdown\" data-placeholder=\"Choose any ticket price\u2026\" data-no_results_text=\"Keine Ergebnisse gefunden\" data-multiple_text=\"\">\n\t\t\t\t\t\t\t\t\t\t\t\t\t\t\t\t\t\t<option value=\"\">Jeder Ticketpreis<\/option>\n\t\t\t\t\t\t\t\t\t\t\t\t\t\t\t\t\t\t<option value=\"ticket_price_paid\">Kostenpflichtig<\/option>\n\t\t\t\t\t\t\t\t\t\t\t\t\t\t\t\t\t\t<option value=\"ticket_price_free\">Kostenlos<\/option>\n\t\t\t\t\t\t\t\t\t\t\t\t\t\t\t<\/select>\n\t\t\t\t\t\t<\/div>\n\t\t\t\t\t<\/div>\n\t\t\t\t\t\t\t<!-- Search by event type section end -->\n\t\t<\/div> <!-- \/row -->\n\n\t\t\n\t<\/div>\n\t<div class=\"showing_applied_filters\"><\/div><\/form>\n<noscript>Dein Browser unterst\u00fctzt kein JavaScript oder es wurde deaktiviert. JavaScript muss aktiviert sein, um Eintr\u00e4ge anzeigen zu k\u00f6nnen.<\/noscript><div class=\"wpem-main wpem-event-listings-header\">\r\n    <div class=\"wpem-row\">\r\n        <div class=\"wpem-col wpem-col-12 wpem-col-sm-6 wpem-col-md-6 wpem-col-lg-8\">\r\n            <div class=\"wpem-event-listing-header-title\">\r\n                                    <h2 class=\"wpem-heading-text\">Veranstaltungen<\/h2>\r\n                            <\/div>\r\n        <\/div>\r\n        <div class=\"wpem-col wpem-col-12 wpem-col-sm-6 wpem-col-md-6 wpem-col-lg-4\">\r\n            <div class=\"wpem-event-layout-action-wrapper\">\r\n                <div class=\"wpem-event-layout-action\">\r\n                                                                    <div class=\"wpem-event-layout-icon wpem-event-box-layout\" title=\"Events Box View\" id=\"wpem-event-box-layout\"><i class=\"wpem-icon-stop2\"><\/i><\/div>\r\n                        <div class=\"wpem-event-layout-icon wpem-event-list-layout wpem-active-layout\" title=\"Events List View\" id=\"wpem-event-list-layout\"><i class=\"wpem-icon-menu\"><\/i><\/div>\r\n                                                            <\/div>\r\n            <\/div>\r\n        <\/div>\r\n    <\/div>\r\n<\/div>\r\n\r\n<!-- Event listing view -->\r\n<div class=\"event_listings_main\">\r\n    <div id=\"event-listing-view\" class=\"wpem-main wpem-event-listings event_listings wpem-event-listing-list-view\" data-id=\"all\">\t\t\t\t<div class=\"no_event_listings_found wpem-alert wpem-alert-danger wpem-mb-0\">Zurzeit sind keine Veranstaltungen vorhanden.<\/div>\n\t\t\t<\/div>\n\n\n\n<hr class=\"wp-block-separator has-alpha-channel-opacity\"\/>\n\n\n\n<p>\ud83d\udcec Bleib immer up to date \u2013 jetzt Newsletter abonnieren!<\/p>\n\n\n\n<p>Verpasse keine unserer Aktionen, Events oder exklusiven Wohnzimmerpartys!<br>\ud83d\udd14 Mit dem Newsletter bist Du immer zuerst informiert \u2013 pers\u00f6nlich, kostenlos und ohne Spam.<\/p>\n\n\n\n<p>\u2705 Fr\u00fchzeitige Einladungen zu Events<br>\u2705 Zugang zu limitierten Aktionen &amp; Specials<br>\u2705 Exklusive Infos f\u00fcr Abonnenten<\/p>\n\n\n\n<p>\ud83d\udc49 Jetzt abonnieren &amp; mit dabei sein \u2013 bevor es andere sind!<\/p>\n\n\n<div class=\"tnp tnp-subscription \">\n<form method=\"post\" action=\"https:\/\/www.hostel-center.com\/flatrate\/wp-admin\/admin-ajax.php?action=tnp&amp;na=s\">\n<input type=\"hidden\" name=\"nlang\" value=\"\">\n<div class=\"tnp-field tnp-field-firstname\"><label for=\"tnp-1\">Vorname<\/label>\n<input class=\"tnp-name\" type=\"text\" name=\"nn\" id=\"tnp-1\" value=\"\" placeholder=\"\"><\/div>\n<div class=\"tnp-field tnp-field-surname\"><label for=\"tnp-2\">Nachname<\/label>\n<input class=\"tnp-surname\" type=\"text\" name=\"ns\" id=\"tnp-2\" value=\"\" placeholder=\"\"><\/div><div class=\"tnp-field tnp-field-email\"><label for=\"tnp-3\">E-Mail-Adresse<\/label>\n<input class=\"tnp-email\" type=\"email\" name=\"ne\" id=\"tnp-3\" value=\"\" placeholder=\"\" required><\/div>\n<div class=\"tnp-field tnp-privacy-field\"><label><input type=\"checkbox\" name=\"ny\" required class=\"tnp-privacy\"> <a target=\"_blank\" href=\"https:\/\/www.hostel-center.com\/flatrate\/?page_id=3\">Hier Akzeptiere ich die Datenschutzerkl\u00e4rung<\/a><\/label><\/div><div class=\"tnp-field tnp-field-button\" style=\"text-align: left\"><input class=\"tnp-submit\" type=\"submit\" value=\"Abonnieren\" style=\"\">\n<\/div>\n<\/form>\n<\/div>\n\n","protected":false},"excerpt":{"rendered":"<p>Hinweis: \u2728 Unsere Events \u2013 dein Partyerlebnis! \u2728 \ud83d\udc49 Wichtig: \ud83d\udcec Bleib immer up to date \u2013 jetzt Newsletter abonnieren! Verpasse keine unserer Aktionen, Events oder exklusiven Wohnzimmerpartys!\ud83d\udd14 Mit dem Newsletter bist Du immer zuerst informiert \u2013 pers\u00f6nlich, kostenlos und ohne Spam. \u2705 Fr\u00fchzeitige Einladungen zu Events\u2705 Zugang zu limitierten Aktionen &amp; Specials\u2705 Exklusive Infos [&hellip;]<\/p>\n","protected":false},"author":1,"featured_media":0,"parent":0,"menu_order":0,"comment_status":"closed","ping_status":"closed","template":"","meta":{"_joinchat":[],"footnotes":""},"class_list":["post-103","page","type-page","status-publish","hentry"],"_links":{"self":[{"href":"https:\/\/www.hostel-center.com\/flatrate\/index.php?rest_route=\/wp\/v2\/pages\/103","targetHints":{"allow":["GET"]}}],"collection":[{"href":"https:\/\/www.hostel-center.com\/flatrate\/index.php?rest_route=\/wp\/v2\/pages"}],"about":[{"href":"https:\/\/www.hostel-center.com\/flatrate\/index.php?rest_route=\/wp\/v2\/types\/page"}],"author":[{"embeddable":true,"href":"https:\/\/www.hostel-center.com\/flatrate\/index.php?rest_route=\/wp\/v2\/users\/1"}],"replies":[{"embeddable":true,"href":"https:\/\/www.hostel-center.com\/flatrate\/index.php?rest_route=%2Fwp%2Fv2%2Fcomments&post=103"}],"version-history":[{"count":13,"href":"https:\/\/www.hostel-center.com\/flatrate\/index.php?rest_route=\/wp\/v2\/pages\/103\/revisions"}],"predecessor-version":[{"id":1651,"href":"https:\/\/www.hostel-center.com\/flatrate\/index.php?rest_route=\/wp\/v2\/pages\/103\/revisions\/1651"}],"wp:attachment":[{"href":"https:\/\/www.hostel-center.com\/flatrate\/index.php?rest_route=%2Fwp%2Fv2%2Fmedia&parent=103"}],"curies":[{"name":"wp","href":"https:\/\/api.w.org\/{rel}","templated":true}]}}