{"id":337,"date":"2025-06-05T16:37:00","date_gmt":"2025-06-05T14:37:00","guid":{"rendered":"https:\/\/www.hostel-center.com\/flatrate\/?page_id=337"},"modified":"2025-12-04T17:40:27","modified_gmt":"2025-12-04T16:40:27","slug":"dein-stimmrecht","status":"publish","type":"page","link":"https:\/\/www.hostel-center.com\/flatrate\/?page_id=337","title":{"rendered":"Mitgliedsbereich"},"content":{"rendered":"\n<h2 class=\"wp-block-heading\">\ud83d\udc65 <strong>Mitgliedsbereich<\/strong><\/h2>\n\n\n\n<p><strong>Dein Zugang zur Gemeinschaft unserer privaten Partymacher!<\/strong> \ud83c\udf89<\/p>\n\n\n\n<p>Willkommen im <strong>Herzst\u00fcck unserer Community<\/strong>, dem exklusiven <strong>Mitgliedsbereich<\/strong> von<br><strong>\u201eUnsere Kleine Kneipe (eventstube51.de<\/strong>)<strong> \u2013 Die Privaten Partymacher\u201c<\/strong>! \ud83c\udf7b<\/p>\n\n\n\n<p>Hier findest du alles, was du als aktives Mitglied brauchst, um gemeinsam mit uns zu feiern, dich auszutauschen und voll dabei zu sein.<\/p>\n\n\n\n<hr class=\"wp-block-separator has-alpha-channel-opacity\"\/>\n\n\n\n<h3 class=\"wp-block-heading\">\ud83d\udd11 <strong>Was erwartet dich hier?<\/strong><\/h3>\n\n\n\n<p>\u2705 <strong>Zugang zu internen Informationen<\/strong><br>\ud83d\udcc5 <strong>Details &amp; Einladungen zu privaten Veranstaltungen<\/strong><br>\ud83d\udcdd <strong>Teilnahme an Umfragen &amp; Abstimmungen<\/strong><br>\ud83d\udce2 <strong>Ank\u00fcndigungen &amp; News direkt von den Organisatoren<\/strong><br>\ud83d\udcac <strong>Community-Kommunikation &amp; Feedback-Kan\u00e4le<\/strong><br>\ud83c\udf81 <strong>Exklusive Vorteile, Aktionen &amp; Specials nur f\u00fcr Mitglieder<\/strong><\/p>\n\n\n\n<hr class=\"wp-block-separator has-alpha-channel-opacity\"\/>\n\n\n\n<h3 class=\"wp-block-heading\">\ud83d\udd10 <strong>Noch nicht freigeschaltet?<\/strong><\/h3>\n\n\n\n<p>Falls du noch keinen vollen Zugang hast, bedeutet das:<\/p>\n\n\n\n<p>\ud83d\udc49 <strong>Du hast dich entweder noch nicht registriert<\/strong><br><strong>oder<\/strong> befindest dich bereits im <strong>Abonnentenstatus<\/strong> und wartest noch auf dein Community-Voting \ud83d\uddf3\ufe0f.<\/p>\n\n\n\n<p>\ud83d\udee0\ufe0f <strong>Keine Sorge \u2013 wir k\u00fcmmern uns darum!<\/strong><br>Sobald du von unserer Community positiv gevotet wurdest, wirst du <strong>manuell vom Admin freigeschaltet<\/strong> und erh\u00e4ltst <strong>vollen Zugriff auf alle Inhalte<\/strong>..<\/p>\n\n\n\n<p>\ud83d\udee0\ufe0f <strong>Keine Sorge \u2013 wir arbeiten daran!<\/strong><br>Sobald du von unserer Community positiv gevotet wurdest, wirst du <strong>manuell vom Admin freigeschaltet<\/strong> und erh\u00e4ltst <strong>Zugang zu allen gesch\u00fctzten Inhalten<\/strong>.<\/p>\n\n\n\n<hr class=\"wp-block-separator has-alpha-channel-opacity\"\/>\n\n\n\n<h3 class=\"wp-block-heading\">\ud83d\udce3 <strong>Unsere Regeln = Unser Schutzschild<\/strong><\/h3>\n\n\n\n<p>Damit unser Mitgliedsbereich sicher und angenehm bleibt, gilt:<\/p>\n\n\n\n<p>\ud83d\udeab Kein Drogenkonsum<br>\u274c Keine Gewalt oder Waffen<br>\ud83d\ude07 Respektvolles &amp; freundliches Miteinander<br>\ud83d\udee1\ufe0f Vertrauen &amp; Verl\u00e4sslichkeit sind das Fundament unserer Gemeinschaft<\/p>\n\n\n\n<hr class=\"wp-block-separator has-alpha-channel-opacity\"\/>\n\n\n\n<h2 class=\"wp-block-heading\">\u2764\ufe0f <strong>Sch\u00f6n, dass du da bist!<\/strong><\/h2>\n\n\n\n<p>Wir freuen uns, dich bald als <strong>vollwertiges WhatsApp-Mitglied<\/strong> begr\u00fc\u00dfen zu d\u00fcrfen.<br>Bis dahin \u2013 chill relaxed, bleib fair &amp; hab Spa\u00df mit uns! \ud83d\ude0e\ud83c\udf40<\/p>\n\n\n\n<p><\/p>\n","protected":false},"excerpt":{"rendered":"<p>\ud83d\udc65 Mitgliedsbereich Dein Zugang zur Gemeinschaft unserer privaten Partymacher! \ud83c\udf89 Willkommen im Herzst\u00fcck unserer Community, dem exklusiven Mitgliedsbereich von\u201eUnsere Kleine Kneipe (eventstube51.de) \u2013 Die Privaten Partymacher\u201c! \ud83c\udf7b Hier findest du alles, was du als aktives Mitglied brauchst, um gemeinsam mit uns zu feiern, dich auszutauschen und voll dabei zu sein. \ud83d\udd11 Was erwartet dich hier? [&hellip;]<\/p>\n","protected":false},"author":1,"featured_media":0,"parent":0,"menu_order":0,"comment_status":"closed","ping_status":"closed","template":"","meta":{"_joinchat":[],"footnotes":""},"class_list":["post-337","page","type-page","status-publish","hentry"],"_links":{"self":[{"href":"https:\/\/www.hostel-center.com\/flatrate\/index.php?rest_route=\/wp\/v2\/pages\/337","targetHints":{"allow":["GET"]}}],"collection":[{"href":"https:\/\/www.hostel-center.com\/flatrate\/index.php?rest_route=\/wp\/v2\/pages"}],"about":[{"href":"https:\/\/www.hostel-center.com\/flatrate\/index.php?rest_route=\/wp\/v2\/types\/page"}],"author":[{"embeddable":true,"href":"https:\/\/www.hostel-center.com\/flatrate\/index.php?rest_route=\/wp\/v2\/users\/1"}],"replies":[{"embeddable":true,"href":"https:\/\/www.hostel-center.com\/flatrate\/index.php?rest_route=%2Fwp%2Fv2%2Fcomments&post=337"}],"version-history":[{"count":5,"href":"https:\/\/www.hostel-center.com\/flatrate\/index.php?rest_route=\/wp\/v2\/pages\/337\/revisions"}],"predecessor-version":[{"id":1767,"href":"https:\/\/www.hostel-center.com\/flatrate\/index.php?rest_route=\/wp\/v2\/pages\/337\/revisions\/1767"}],"wp:attachment":[{"href":"https:\/\/www.hostel-center.com\/flatrate\/index.php?rest_route=%2Fwp%2Fv2%2Fmedia&parent=337"}],"curies":[{"name":"wp","href":"https:\/\/api.w.org\/{rel}","templated":true}]}}